3
Let q(w) = -2*w**3 - 50*w**2 - 38*w + 34. Calculate q(-24).
-206
Let u(b) = -b**3 + 55*b**2 + 370*b - 4142. Give u(60).
58
Let o(p) = -p**3 + 101*p**2 + 742*p + 69390. What is o(113)?
8
Let g(y) = 335*y + 1819. Calculate g(-3).
814
Let t(w) = w**3 + 6*w**2 + 533*w + 3301. Calculate t(-6).
103
Let h(z) = -2*z**3 + 388*z**2 + 3654*z + 79. Give h(203).
79
Let s(h) = -h**2 + 673023*h - 6730127. What is s(10)?
3
Let o(m) = 6*m**2 + 5015*m + 15049. What is o(-3)?
58
Let b(z) = 2278*z - 34767. Determine b(15).
-597
Let q(t) = -t**3 + 368*t**2 + 2627*t - 1105. Determine q(375).
-355
Let n(g) = 3*g**2 + 12*g - 210. What is n(-14)?
210
Let o(z) = -42*z**2 + 2199*z - 13069. Give o(6).
-1387
Let d(p) = -4312*p**2 - 17222*p + 5. Calculate d(-4).
-99
Let a(y) = 4775544*y - 57306525. Calculate a(12).
3
Let x(f) = -4474*f - 4782655. Give x(-1069).
51
Let n(x) = 1227*x - 7665. Calculate n(6).
-303
Let z(f) = -f**3 - 374*f**2 + 3491*f - 384. What is z(9)?
12
Let x(i) = -12*i**3 + 170*i**2 + 51*i - 283. Determine x(14).
823
Let r(v) = -108*v - 3207. Calculate r(-30).
33
Let r(a) = 15*a**2 + 302*a + 2376. Calculate r(-8).
920
Let q(y) = -922*y + 156744. Determine q(170).
4
Let o(v) = -4*v**3 - 478*v**2 - 228*v + 955. Give o(-119).
-235
Let y(q) = -9*q**2 + 45*q - 119. What is y(-9)?
-1253
Let u(r) = -8219*r + 287676. What is u(35)?
11
Let t(j) = -2180*j + 43617. Give t(20).
17
Let d(m) = -19592*m - 117622. What is d(-6)?
-70
Let l(p) = 211*p + 26847. Give l(-128).
-161
Let y(j) = 553*j - 1014. Determine y(5).
1751
Let c(j) = j**2 - 454*j + 5021. Give c(11).
148
Let l(t) = -40997*t - 21851399. What is l(-533)?
2
Let i(q) = -2*q**3 - 9*q**2 + 281*q + 1692. Give i(-6).
114
Let h(f) = -4093*f + 3949815. What is h(965)?
70
Let i(y) = -145*y**2 - 122*y - 317. What is i(-3)?
-1256
Let k(y) = -208*y + 33920. Calculate k(166).
-608
Let l(z) = -z**3 - 359*z**2 - 32232*z - 4250. What is l(-176)?
-26
Let d(z) = z**3 + 21*z**2 + 101*z - 108. Determine d(-11).
-9
Let r(l) = 2*l**2 - 149*l - 67342. Give r(-150).
8
Let t(n) = -3*n**3 + 85*n**2 + 7141*n + 602. Give t(65).
17
Let l(v) = 53441*v + 267253. What is l(-5)?
48
Let t(q) = -46*q**3 - 44*q**2 + 139*q - 7. Determine t(3).
-1228
Let n(q) = 93*q**2 - 406*q - 39. Calculate n(4).
-175
Let i(u) = -2*u**3 - 38*u**2 + 137*u - 102. Determine i(-22).
-212
Let a(r) = 105529*r - 105282. What is a(1)?
247
Let y(x) = -840*x - 28001. Give y(-37).
3079
Let m(k) = -k**3 + 62*k**2 - 858*k - 7. Give m(24).
1289
Let k(s) = -199*s - 13257. Calculate k(-66).
-123
Let l(f) = -7*f**3 + 796*f**2 + 217*f - 239. Give l(114).
-1493
Let i(z) = -81579*z + 5139472. Calculate i(63).
-5
Let p(b) = -406184*b - 5280327. Give p(-13).
65
Let i(c) = 32897*c + 32898. Determine i(-1).
1
Let d(c) = -c**3 - 417*c**2 - 334*c - 139288. Calculate d(-417).
-10
Let a(v) = v**2 + 43775*v + 1793093. Calculate a(-41).
-1
Let a(d) = 4521*d + 40899. Determine a(-9).
210
Let i(w) = -4243637*w - 12730934. What is i(-3)?
-23
Let u(y) = -132967*y - 7579106. Calculate u(-57).
13
Let m(q) = 2*q**2 + 858*q - 20743. Calculate m(23).
49
Let v(g) = -78270*g + 7983554. Calculate v(102).
14
Let c(u) = -41*u**3 - 8203*u**2 - 595*u + 1001. What is c(-200)?
1
Let y(b) = 257*b + 14352. Determine y(-54).
474
Let j(x) = -213*x - 2897. Determine j(-21).
1576
Let o(h) = 15*h**2 + 1424*h - 1419. What is o(1)?
20
Let n(z) = -593*z - 51076. Determine n(-86).
-78
Let g(t) = t**3 + 39*t**2 + 143*t - 1827. What is g(-33)?
-12
Let c(k) = -k**3 + 582*k**2 + 129*k - 75075. Calculate c(582).
3
Let c(t) = 65298*t - 6333900. Determine c(97).
6
Let f(v) = 124*v - 88518. Calculate f(714).
18
Let n(y) = y**3 + 48*y**2 + 561*y + 3709. What is n(-35)?
-1
Let g(j) = -107399*j - 3973766. Give g(-37).
-3
Let a(o) = 1220*o - 821040. Give a(673).
20
Let h(n) = 4032*n + 12293. What is h(-3)?
197
Let h(j) = -5*j**3 - 495*j**2 - 483*j + 704. What is h(-98)?
18
Let k(d) = d**3 - 90*d**2 - 1011*d + 151. Calculate k(100).
-949
Let c(j) = 469344*j - 469345. Give c(1).
-1
Let m(i) = 15*i**3 + 77*i**2 + 225*i + 146. Calculate m(-1).
-17
Let u(l) = -2086*l + 394258. Calculate u(189).
4
Let s(a) = -8*a**2 + 9*a + 179. Give s(8).
-261
Let n(g) = -3094094*g - 21658661. Give n(-7).
-3
Let r(k) = 2*k**2 - 70*k - 1135. Give r(37).
-987
Let f(q) = -q**3 - 532*q**2 + 10324*q - 79889. Calculate f(-551).
6
Let r(i) = -2*i**2 - 16*i + 1557. Give r(-32).
21
Let c(w) = -210634*w - 1263799. Calculate c(-6).
5
Let l(v) = -38728*v - 1084313. What is l(-28)?
71
Let x(h) = 1758*h - 47096. Determine x(27).
370
Let d(r) = 1750*r**2 + 106739*r - 669. Calculate d(-61).
2
Let s(k) = k**3 - 37*k**2 + 111*k - 2458. What is s(24)?
-7282
Let y(w) = -600*w - 10546. Determine y(-17).
-346
Let f(q) = 7018*q + 168417. Determine f(-24).
-15
Let u(i) = -i**2 - 18*i + 246123. Give u(-505).
188
Let s(x) = -2726*x - 5730. Determine s(-2).
-278
Let p(r) = 6*r**2 + 832*r + 6027. Determine p(-131).
1
Let a(x) = 5*x**3 + 625*x**2 - 629*x + 234. Determine a(-126).
108
Let s(r) = -3089*r - 18373. Calculate s(-6).
161
Let l(h) = -4*h**3 + 1220*h**2 - 1219*h + 922. Determine l(304).
10
Let n(c) = -20*c**2 - 7474*c - 5163. Determine n(-373).
59
Let w(b) = -2*b**3 - 38*b**2 - 118*b + 22. Determine w(-15).
-8
Let m(y) = -4549*y + 846125. Determine m(186).
11
Let x(l) = l**3 + 278*l**2 - 107*l - 30111. Calculate x(-278).
-365
Let p(k) = -155*k**3 + 18*k**2 - 57*k + 50. Calculate p(2).
-1232
Let w(o) = -4*o**3 - 2336*o**2 + 4675*o - 7610. Give w(-586).
8
Let m(f) = 97*f**2 - 184*f + 17. What is m(-2)?
773
Let c(q) = 51*q**2 + 36*q + 6. Determine c(-9).
3813
Let g(j) = -653*j**2 + 19584*j + 182. What is g(30)?
2
Let v(t) = -22468*t + 16671253. Determine v(742).
-3
Let j(k) = k**3 + 24*k**2 + 40*k + 16. Give j(-23).
-375
Let y(c) = 576*c**2 + 3982*c - 53. Calculate y(-7).
297
Let a(j) = 15552*j - 668740. Calculate a(43).
-4
Let n(d) = -2968*d + 21364. Give n(7).
588
Let k(b) = -b**3 + 68*b**2 - 46182. Determine k(43).
43
Let p(m) = 318*m**2 - 21653*m + 1921. Determine p(68).
-51
Let s(a) = 41506*a + 913140. Give s(-22).
8
Let k(g) = -5*g**2 + 3174*g + 22465. Calculate k(-7).
2
Let y(h) = -259*h - 4590. Determine y(-17).
-187
Let q(p) = -1984*p + 101944. Calculate q(51).
760
Let y(s) = -5207*s - 744522. Determine y(-143).
79
Let j(o) = -o**3 - 16*o**2 + 149*o + 1942. What is j(-13)?
-502
Let u(w) = -2540*w + 276858. Give u(109).
-2
Let w(y) = 2059699*y + 16477608. Calculate w(-8).
16
Let v(i) = 4674*i + 98126. Determine v(-21).
-28
Let q(z) = -6322*z - 88516. Determine q(-14).
-8
Let u(c) = -2*c**2 + 152*c + 1951. What is u(88)?
-161
Let f(z) = z**3 + 70*z**2 - 89*z - 2395. What is f(-71)?
-1117
Let q(j) = -5*j**2 + 749*j - 26573. What is q(92)?
15
Let s(f) = 7657*f - 45859. Determine s(6).
83
Let m(i) = -2*i**3 - 47*i**2 - 215*i + 654. Determine m(-11).
-6
Let o(q) = q**3 + 6*q**2 - 21*q + 27. Calculate o(2).
17
Let f(h) = 91*h**2 + 16657*h + 33654. Determine f(-181).
-12
Let q(o) = o**3 + 344*o**2 + 7974*o - 324. Give q(-319).
-5
Let g(i) = 861*i + 20725. Calculate g(-25).
-800
Let w(z) = 12*z**2 + 3059*z + 1431. Calculate w(-255).
1686
Let v(t) = -t**3 + 201*t**2 - 598*t - 1801. Calculate v(5).
109
Let b(s) = -92435*s + 831963. Calculate b(9).
48
Let q(y) = -2*y**2 - 74*y + 24895. Give q(94).
267
Let w(g) = 55624*g - 19468402. Give w(350).
-2
Let v(t) = -t**2 + 254421*t - 3816086. What is v(15)?
4
Let x(l) = 6*l**3 - 767*l**2 + 633*l + 283. Give x(127).
29
Let s(x) = x**3 + 34*x**2 - 580*x - 19004. Determine s(-35).
71
Let i(s) = -198*s + 21049. Determine i(110).
-731
Let c(b) = 1893*b - 713414. Calculate c(377).
247
Let a(m) = -16*m**2 + 4123*m + 847. What is a(258)?
-443
Let a(g) = g**3 + 187*g**2 - 167*g + 3746. What is a(-188)?
-202
Let r(n) = 2*n**3 + 8*n**2 - 106*n - 571. Determine r(-6).
-79
Let g(v) = 11*v**2 + 17981*v + 178709. Calculate g(-10).
-1
Let v(f) = 9*f**2 - 5698*f + 11983. What is v(631)?
-6
Let i(m) = -126*m - 9750. What is i(-53)?
-3072
Let u(f) = -f**2 - 475*f - 8067. What is u(-18)?
159
Let t(f) = -17803*f - 53591. Determine t(-3).
-182
Let f(q) = q**2 + 335*q - 6313. Determine f(18).
41
Let l(y) = 967*y + 784341. Determine l(-811).
104
Let z(x) = 35*x**2 - 1432*x + 1431. What is z(1)?
34
Let p(n) = -2164*n - 71374. Calculate p(-33).
38
Let 